{"id":505,"date":"2019-02-26T05:52:43","date_gmt":"2019-02-26T05:52:43","guid":{"rendered":"https:\/\/zensor.ec\/?page_id=505"},"modified":"2024-09-20T04:57:10","modified_gmt":"2024-09-20T04:57:10","slug":"training","status":"publish","type":"page","link":"https:\/\/zensor.ec\/?page_id=505","title":{"rendered":"Entrenamiento en energ\u00eda solar fotovoltaica"},"content":{"rendered":"<div id='layer_slider_1'  class='avia-layerslider main_color avia-shadow  avia-builder-el-0  el_before_av_one_third  avia-builder-el-first  container_wrap fullsize'  style='height: 301px; max-width: 1280px; margin: 0 auto;'  ><\/div><div id='after_layer_slider_1'  class='main_color av_default_container_wrap container_wrap fullsize'  ><div class='container av-section-cont-open' ><div class='template-page content  av-content-full alpha units'><div class='post-entry post-entry-type-page post-entry-505'><div class='entry-content-wrapper clearfix'>\n\n<style type=\"text\/css\" data-created_by=\"avia_inline_auto\" id=\"style-css-av-1z8kgp-d2b713489c922206708dc6506968885c\">\n.flex_column.av-1z8kgp-d2b713489c922206708dc6506968885c{\nborder-radius:0px 0px 0px 0px;\npadding:0px 0px 0px 0px;\n}\n<\/style>\n<div  class='flex_column av-1z8kgp-d2b713489c922206708dc6506968885c av_one_third  avia-builder-el-1  el_after_av_layerslider  el_before_av_two_third  avia-builder-el-first  first flex_column_div av-zero-column-padding  '     ><\/div>\n\n<style type=\"text\/css\" data-created_by=\"avia_inline_auto\" id=\"style-css-av-1mjhzl-7961aa72639bd68d93d3e62a61fd2e94\">\n.flex_column.av-1mjhzl-7961aa72639bd68d93d3e62a61fd2e94{\nborder-radius:0px 0px 0px 0px;\npadding:0px 0px 0px 0px;\n}\n<\/style>\n<div  class='flex_column av-1mjhzl-7961aa72639bd68d93d3e62a61fd2e94 av_two_third  avia-builder-el-3  el_after_av_one_third  el_before_av_one_full  flex_column_div av-zero-column-padding  '     ><section  class='av_textblock_section av-1ezibl-888d044daaf728bf3eaf7c3bdc92d641 '   itemscope=\"itemscope\" itemtype=\"https:\/\/schema.org\/CreativeWork\" ><div class='avia_textblock'  itemprop=\"text\" ><h2>Nuestros Cursos de Energ\u00eda Solar Fotovoltaica<\/h2>\n<p>Decenas de profesionales han sido entrenados en nuestros cursos pr\u00e1cticos, donde se aprende a dimensionar una instalaci\u00f3n fotovoltaica y se puede apreciar en vivo c\u00f3mo funcionan los diversos equipos que la constituyen.<\/p>\n<p>Los alumnos ser\u00e1n capaces de medir generaci\u00f3n fotovoltaica real y visitar una planta de generaci\u00f3n solar en pleno funcionamiento.<\/p>\n<p>Nuestro plan de entrenamiento consta de 2 niveles.<\/p>\n<\/div><\/section><\/div>\n\n<style type=\"text\/css\" data-created_by=\"avia_inline_auto\" id=\"style-css-av-19xlpl-e8332c0b3d200ef2b815b821140127ae\">\n.flex_column.av-19xlpl-e8332c0b3d200ef2b815b821140127ae{\nborder-radius:0px 0px 0px 0px;\npadding:0px 0px 0px 0px;\n}\n<\/style>\n<div  class='flex_column av-19xlpl-e8332c0b3d200ef2b815b821140127ae av_one_full  avia-builder-el-5  el_after_av_two_third  el_before_av_one_half  first flex_column_div av-zero-column-padding  column-top-margin'     ><p><section  class='av_textblock_section av-11j9g9-80c40e8ed98cc92fe4c0448d341f933c '   itemscope=\"itemscope\" itemtype=\"https:\/\/schema.org\/CreativeWork\" ><div class='avia_textblock'  itemprop=\"text\" ><p>Ahora tambi\u00e9n puedes pagar por Paypal.<\/p>\n<\/div><\/section><br \/>\n<\/p><\/div>\n<style type=\"text\/css\" data-created_by=\"avia_inline_auto\" id=\"style-css-av-p23p5-53b53dea9f537a8bcd60d6eead3c37af\">\n.flex_column.av-p23p5-53b53dea9f537a8bcd60d6eead3c37af{\nborder-radius:0px 0px 0px 0px;\npadding:0px 0px 0px 0px;\n}\n<\/style>\n<div  class='flex_column av-p23p5-53b53dea9f537a8bcd60d6eead3c37af av_one_half  avia-builder-el-8  el_after_av_one_full  el_before_av_one_half  first flex_column_div av-zero-column-padding  column-top-margin'     ><section  class='av_textblock_section av-kqgax-57e767b306863e31909505d45def530c '   itemscope=\"itemscope\" itemtype=\"https:\/\/schema.org\/CreativeWork\" ><div class='avia_textblock'  itemprop=\"text\" ><h2>Introducci\u00f3n a la energ\u00eda fotovoltaica<\/h2>\n<ul>\n<li>Electricidad b\u00e1sica\n<ul>\n<li>Voltaje, corriente y carga<\/li>\n<li>Potencia y energ\u00eda<\/li>\n<li>Conexiones paralelo y serie<\/li>\n<li>Ley de ohm<\/li>\n<\/ul>\n<\/li>\n<li>Componentes de una instalaci\u00f3n fotovoltaica\n<ul>\n<li>Paneles solares fotovoltaicos<\/li>\n<li>Bater\u00edas<\/li>\n<li>Inversores<\/li>\n<li>Controladores de carga<\/li>\n<li>Estructuras<\/li>\n<\/ul>\n<\/li>\n<li>C\u00e1lculo de demanda\n<ul>\n<li>Metodolog\u00eda<\/li>\n<li>Listado de cargas<\/li>\n<li>Planilla de luz<\/li>\n<\/ul>\n<\/li>\n<li>Panel Fotovoltaico\n<ul>\n<li>Caracter\u00edsticas<\/li>\n<li>Radiaci\u00f3n solar<\/li>\n<li>Producci\u00f3n de energ\u00eda de un panel<\/li>\n<li>Strings y arreglos<\/li>\n<li>Instalaci\u00f3n, orientaci\u00f3n y mantenimiento<\/li>\n<\/ul>\n<\/li>\n<li>Bater\u00edas\n<ul>\n<li>Tipos de bater\u00edas<\/li>\n<li>Capacidad de la bater\u00eda<\/li>\n<li>Mantenimiento<\/li>\n<\/ul>\n<\/li>\n<li>Inversores y controladores de carga\n<ul>\n<li>Caracter\u00edsticas<\/li>\n<li>Configuraci\u00f3n b\u00e1sica<\/li>\n<\/ul>\n<\/li>\n<li>Dimensionamiento off-grid\n<ul>\n<li>F\u00f3rmulas b\u00e1sicas<\/li>\n<li>Pr\u00e1ctica<\/li>\n<li>Calculadora online<\/li>\n<\/ul>\n<\/li>\n<li>Demostraci\u00f3n en vivo<\/li>\n<\/ul>\n<\/div><\/section><\/div><\/p>\n\n<style type=\"text\/css\" data-created_by=\"avia_inline_auto\" id=\"style-css-av-1inzd-382124e946973582c8da1e2f1ef787f7\">\n.flex_column.av-1inzd-382124e946973582c8da1e2f1ef787f7{\nborder-radius:0px 0px 0px 0px;\npadding:0px 0px 0px 0px;\n}\n<\/style>\n<div  class='flex_column av-1inzd-382124e946973582c8da1e2f1ef787f7 av_one_half  avia-builder-el-10  el_after_av_one_half  avia-builder-el-last  flex_column_div av-zero-column-padding  column-top-margin'     ><section  class='av_textblock_section av-86wwh-7708be75b2ab17d54761757b46e226b4 '   itemscope=\"itemscope\" itemtype=\"https:\/\/schema.org\/CreativeWork\" ><div class='avia_textblock'  itemprop=\"text\" ><h2>Energ\u00eda fotovoltaica Nivel 2<\/h2>\n<ul>\n<li>Bater\u00edas\n<ul>\n<li>Curvas de carga<\/li>\n<li>Curvas de descarga<\/li>\n<li>Mantenimiento<\/li>\n<li>Control de temperatura<\/li>\n<\/ul>\n<\/li>\n<li>Aplicaciones especiales\n<ul>\n<li>Vallas y radares<\/li>\n<li>Bombeo de agua<\/li>\n<li>Estrategias de racionamiento<\/li>\n<\/ul>\n<\/li>\n<li>Sistemas Grid-Tie\n<ul>\n<li>Modo de funcionamiento<\/li>\n<li>Sub-dimensionamiento<\/li>\n<li>Sobre-dimensionamiento<\/li>\n<li>Tecnolog\u00eda de inversi\u00f3n\n<ul>\n<li>DSP<\/li>\n<li>Entradas MPPT<\/li>\n<\/ul>\n<\/li>\n<li>Islanding<\/li>\n<\/ul>\n<\/li>\n<li>Conexiones y Cables\n<ul>\n<li>Conectores MC-4<\/li>\n<li>Conexiones de <em>strings<\/em><\/li>\n<li>\u00a0Cajas de combinaci\u00f3n<\/li>\n<li>Protecciones\n<ul>\n<li>Breakers y fusibles<\/li>\n<li>Dispositivos de sobre-voltajes<\/li>\n<li>Seccionadores<\/li>\n<\/ul>\n<\/li>\n<\/ul>\n<\/li>\n<li>Instalaciones trif\u00e1sicas\n<ul>\n<li>Caracter\u00edsticas<\/li>\n<li>Radiaci\u00f3n solar<\/li>\n<li>Producci\u00f3n de energ\u00eda de un panel<\/li>\n<li>Instalaci\u00f3n, orientaci\u00f3n y mantenimiento<\/li>\n<\/ul>\n<\/li>\n<li>Monitoreo\n<ul>\n<li>Conexi\u00f3n Wifi<\/li>\n<\/ul>\n<\/li>\n<li>Normativa Ecuatoriana\n<ul>\n<li>Pliego Tarifario<\/li>\n<li>Incentivos Ley de R\u00e9gimen Tributario<\/li>\n<li>Ley de Eficiencia Energ\u00e9tica<\/li>\n<\/ul>\n<\/li>\n<li>Visita de campo\n<ul>\n<li>Sistema Grid-Tie de 50kW<\/li>\n<\/ul>\n<\/li>\n<\/ul>\n<\/div><\/section><\/div>\n","protected":false},"excerpt":{"rendered":"","protected":false},"author":1,"featured_media":0,"parent":0,"menu_order":0,"comment_status":"closed","ping_status":"closed","template":"","meta":{"footnotes":""},"class_list":["post-505","page","type-page","status-publish","hentry"],"_links":{"self":[{"href":"https:\/\/zensor.ec\/index.php?rest_route=\/wp\/v2\/pages\/505"}],"collection":[{"href":"https:\/\/zensor.ec\/index.php?rest_route=\/wp\/v2\/pages"}],"about":[{"href":"https:\/\/zensor.ec\/index.php?rest_route=\/wp\/v2\/types\/page"}],"author":[{"embeddable":true,"href":"https:\/\/zensor.ec\/index.php?rest_route=\/wp\/v2\/users\/1"}],"replies":[{"embeddable":true,"href":"https:\/\/zensor.ec\/index.php?rest_route=%2Fwp%2Fv2%2Fcomments&post=505"}],"version-history":[{"count":25,"href":"https:\/\/zensor.ec\/index.php?rest_route=\/wp\/v2\/pages\/505\/revisions"}],"predecessor-version":[{"id":645,"href":"https:\/\/zensor.ec\/index.php?rest_route=\/wp\/v2\/pages\/505\/revisions\/645"}],"wp:attachment":[{"href":"https:\/\/zensor.ec\/index.php?rest_route=%2Fwp%2Fv2%2Fmedia&parent=505"}],"curies":[{"name":"wp","href":"https:\/\/api.w.org\/{rel}","templated":true}]}}