{"id":294,"date":"2018-11-17T05:37:09","date_gmt":"2018-11-17T05:37:09","guid":{"rendered":"https:\/\/zensor.ec\/?page_id=294"},"modified":"2024-09-20T18:40:45","modified_gmt":"2024-09-20T18:40:45","slug":"caso-de-estudio-huigra-viejo-camping","status":"publish","type":"page","link":"https:\/\/zensor.ec\/?page_id=294","title":{"rendered":"Caso de \u00c9xito Huigra Viejo Camping"},"content":{"rendered":"<div id='layer_slider_1'  class='avia-layerslider main_color avia-shadow  avia-builder-el-0  el_before_av_textblock  avia-builder-el-first  container_wrap fullsize'  style='height: 301px;'  ><\/div><div id='after_layer_slider_1'  class='main_color av_default_container_wrap container_wrap fullsize'  ><div class='container av-section-cont-open' ><div class='template-page content  av-content-full alpha units'><div class='post-entry post-entry-type-page post-entry-294'><div class='entry-content-wrapper clearfix'>\n<section  class='av_textblock_section av-21fiw6-f7498fac2ca5f6f826b4309c1c79d5b7 '   itemscope=\"itemscope\" itemtype=\"https:\/\/schema.org\/CreativeWork\" ><div class='avia_textblock'  itemprop=\"text\" ><p>\n<a href=\"https:\/\/www.huigra.com\">Huigra Viejo Camping<\/a> es un sitio para acampar ubicado en la cordillera de los Andes del Ecuador con una hermosa vista del ca\u00f1\u00f3n del rio Chanch\u00e1n. La filosof\u00eda del sitio es amigable con la naturaleza y autosustentable, debido a lo cual potabilizan su propia agua y gestionan sus desechos. La generaci\u00f3n de su propia electricidad a trav\u00e9s de tecnolog\u00edas renovables como la fotovoltaica est\u00e1 en sus prioridades.<\/p>\n<\/div><\/section>\n\n<style type=\"text\/css\" data-created_by=\"avia_inline_auto\" id=\"style-css-av-6v9gm-573a3d5310fd52065450c3bef59c0d00\">\n.flex_column.av-6v9gm-573a3d5310fd52065450c3bef59c0d00{\nborder-radius:0px 0px 0px 0px;\npadding:0px 0px 0px 0px;\n}\n<\/style>\n<div  class='flex_column av-6v9gm-573a3d5310fd52065450c3bef59c0d00 av_one_third  avia-builder-el-2  el_after_av_textblock  el_before_av_one_third  first flex_column_div av-zero-column-padding  column-top-margin'     ><p>\n<style type=\"text\/css\" data-created_by=\"avia_inline_auto\" id=\"style-css-av-m1b2a6w1-deec77a713512dbdfba41b6c7b0d3966\">\n.avia-image-container.av-m1b2a6w1-deec77a713512dbdfba41b6c7b0d3966 img.avia_image{\nbox-shadow:none;\n}\n.avia-image-container.av-m1b2a6w1-deec77a713512dbdfba41b6c7b0d3966 .av-image-caption-overlay-center{\ncolor:#ffffff;\n}\n<\/style>\n<div  class='avia-image-container av-m1b2a6w1-deec77a713512dbdfba41b6c7b0d3966 av-styling- avia-align-center  avia-builder-el-3  el_before_av_textblock  avia-builder-el-first '   itemprop=\"image\" itemscope=\"itemscope\" itemtype=\"https:\/\/schema.org\/ImageObject\" ><div class=\"avia-image-container-inner\"><div class=\"avia-image-overlay-wrap\"><img decoding=\"async\" fetchpriority=\"high\" class='avia-img-lazy-loading-not- avia_image ' src=\"https:\/\/zensor.ec\/wp-content\/uploads\/2018\/11\/luminarias_led_solar.jpg\" alt='' title=''   itemprop=\"thumbnailUrl\"  \/><\/div><\/div><\/div><br \/>\n<section  class='av_textblock_section av-1najla-12895c43f380a23c58437b519c29b434 '   itemscope=\"itemscope\" itemtype=\"https:\/\/schema.org\/CreativeWork\" ><div class='avia_textblock'  itemprop=\"text\" ><p>\n<strong>Iluminaci\u00f3n LED<\/strong><\/p>\n<p>Se cambi\u00f3 la iluminaci\u00f3n a tecnolog\u00eda LED y dispositivos eficientes.<\/p>\n<\/div><\/section><\/p><\/div>\n\n<style type=\"text\/css\" data-created_by=\"avia_inline_auto\" id=\"style-css-av-515ty-32055307fc66516bdc4ed14d52a86e20\">\n.flex_column.av-515ty-32055307fc66516bdc4ed14d52a86e20{\nborder-radius:0px 0px 0px 0px;\npadding:0px 0px 0px 0px;\n}\n<\/style>\n<div  class='flex_column av-515ty-32055307fc66516bdc4ed14d52a86e20 av_one_third  avia-builder-el-5  el_after_av_one_third  el_before_av_one_third  flex_column_div  column-top-margin'     ><p>\n<style type=\"text\/css\" data-created_by=\"avia_inline_auto\" id=\"style-css-av-m1b2ajzs-e53482171c5e2b8dfc4da44edc2f3002\">\n.avia-image-container.av-m1b2ajzs-e53482171c5e2b8dfc4da44edc2f3002 img.avia_image{\nbox-shadow:none;\n}\n.avia-image-container.av-m1b2ajzs-e53482171c5e2b8dfc4da44edc2f3002 .av-image-caption-overlay-center{\ncolor:#ffffff;\n}\n<\/style>\n<div  class='avia-image-container av-m1b2ajzs-e53482171c5e2b8dfc4da44edc2f3002 av-styling- avia-align-center  avia-builder-el-6  el_before_av_textblock  avia-builder-el-first '   itemprop=\"image\" itemscope=\"itemscope\" itemtype=\"https:\/\/schema.org\/ImageObject\" ><div class=\"avia-image-container-inner\"><div class=\"avia-image-overlay-wrap\"><img decoding=\"async\" fetchpriority=\"high\" class='avia-img-lazy-loading-not- avia_image ' src=\"https:\/\/zensor.ec\/wp-content\/uploads\/2018\/11\/planta_solar_fotovoltaica_ecuador.jpg\" alt='' title=''   itemprop=\"thumbnailUrl\"  \/><\/div><\/div><\/div><br \/>\n<section  class='av_textblock_section av-120286-935774458db30460679cca0e593afca5 '   itemscope=\"itemscope\" itemtype=\"https:\/\/schema.org\/CreativeWork\" ><div class='avia_textblock'  itemprop=\"text\" ><p><strong>Estaci\u00f3n de generaci\u00f3n<\/strong><\/p>\n<p>15kW de potencia instalada en paneler\u00eda solar.<\/p>\n<\/div><\/section><\/p><\/div>\n\n<style type=\"text\/css\" data-created_by=\"avia_inline_auto\" id=\"style-css-av-39ixq-78f0ebfe348642aac5d7efd0a2d8c286\">\n.flex_column.av-39ixq-78f0ebfe348642aac5d7efd0a2d8c286{\nborder-radius:0px 0px 0px 0px;\npadding:0px 0px 0px 0px;\n}\n<\/style>\n<div  class='flex_column av-39ixq-78f0ebfe348642aac5d7efd0a2d8c286 av_one_third  avia-builder-el-8  el_after_av_one_third  el_before_av_hr  flex_column_div av-zero-column-padding  column-top-margin'     ><p>\n<style type=\"text\/css\" data-created_by=\"avia_inline_auto\" id=\"style-css-av-m1b2b1q6-2c0087c700e64bb120ba11279b69a549\">\n.avia-image-container.av-m1b2b1q6-2c0087c700e64bb120ba11279b69a549 img.avia_image{\nbox-shadow:none;\n}\n.avia-image-container.av-m1b2b1q6-2c0087c700e64bb120ba11279b69a549 .av-image-caption-overlay-center{\ncolor:#ffffff;\n}\n<\/style>\n<div  class='avia-image-container av-m1b2b1q6-2c0087c700e64bb120ba11279b69a549 av-styling- avia-align-center  avia-builder-el-9  el_before_av_textblock  avia-builder-el-first '   itemprop=\"image\" itemscope=\"itemscope\" itemtype=\"https:\/\/schema.org\/ImageObject\" ><div class=\"avia-image-container-inner\"><div class=\"avia-image-overlay-wrap\"><img decoding=\"async\" fetchpriority=\"high\" class='avia-img-lazy-loading-not- avia_image ' src=\"https:\/\/zensor.ec\/wp-content\/uploads\/2018\/11\/carpa_huigra_panel_solar.jpg\" alt='' title=''   itemprop=\"thumbnailUrl\"  \/><\/div><\/div><\/div><br \/>\n<section  class='av_textblock_section av-j36ni-3b27c2addd7bcd909eb99f39b8f4bd17 '   itemscope=\"itemscope\" itemtype=\"https:\/\/schema.org\/CreativeWork\" ><div class='avia_textblock'  itemprop=\"text\" ><p>\n<strong>Mini estaciones DC<\/strong><\/p>\n<p>Para carga de celulares e iluminaci\u00f3n LED de tiendas de campa\u00f1a.<\/p>\n<\/div><\/section><\/p><\/div>\n\n<style type=\"text\/css\" data-created_by=\"avia_inline_auto\" id=\"style-css-av-d7cvq-29b7cd5f77a9fec2f595c1bdfa4445c4\">\n#top .hr.av-d7cvq-29b7cd5f77a9fec2f595c1bdfa4445c4{\nmargin-top:15px;\nmargin-bottom:20px;\n}\n.hr.av-d7cvq-29b7cd5f77a9fec2f595c1bdfa4445c4 .hr-inner{\nwidth:100%;\nborder-color:#dedede;\n}\n<\/style>\n<div  class='hr av-d7cvq-29b7cd5f77a9fec2f595c1bdfa4445c4 hr-custom  avia-builder-el-11  el_after_av_one_third  el_before_av_textblock  hr-center hr-icon-no'><span class='hr-inner inner-border-av-border-thin'><span class=\"hr-inner-style\"><\/span><\/span><\/div>\n<section  class='av_textblock_section av-7obra-03d816407a21d78bd8710e83490f7b26 '   itemscope=\"itemscope\" itemtype=\"https:\/\/schema.org\/CreativeWork\" ><div class='avia_textblock'  itemprop=\"text\" ><h3>La Problem\u00e1tica<\/h3>\n<p>Debido a lo remoto del sitio, la energ\u00eda p\u00fablica que llega al lugar no es de buena calidad y su disponibilidad es intermitente. Los apagones eran frecuentes, lo cual no es aceptable para un sitio que atiende hu\u00e9spedes las 24 horas del d\u00eda.<\/p>\n<h3>Soluci\u00f3n<\/h3>\n<p>Se construy\u00f3 una planta fotovoltaica off-grid de 15kW de potencia instalada. El sistema se conecta tambi\u00e9n a la red p\u00fablica como fuente de carga para d\u00edas de temporada alta, consiguiendo as\u00ed una soluci\u00f3n efectiva y econ\u00f3micamente conveniente para el cliente.<\/p>\n<p>Los equipos inversores de la marca MUST han sido conectados en configuraci\u00f3n de cascada y su capacidad se puede ampliar en el futuro de manera modular.<\/p>\n<h3><strong>Resultados<\/strong><\/h3>\n<p>Los resultados obtenidos han sido m\u00e1s que satisfactorios. El cliente ya no depende de la energ\u00eda p\u00fablica &#8211;con el inherente ahorro que esto significa&#8211; y la mejora en la calidad de energ\u00eda ha sido tal que inclusive equipos de refrigeraci\u00f3n que se cre\u00edan en mal estado han funcionado a la perfecci\u00f3n luego de la implantaci\u00f3n del sistema fotovoltaico, probablemente por el sub-voltaje que exist\u00eda antes del cambio.<\/p>\n<p>Como consecuencia adicional, los hu\u00e9spedes ven con buenos ojos este tipo de iniciativas amigables con el ambiente y se considera que el impacto en las ventas ha sido positivo.<\/p>\n<\/div><\/section>\n","protected":false},"excerpt":{"rendered":"","protected":false},"author":1,"featured_media":0,"parent":0,"menu_order":0,"comment_status":"closed","ping_status":"closed","template":"","meta":{"footnotes":""},"class_list":["post-294","page","type-page","status-publish","hentry"],"_links":{"self":[{"href":"https:\/\/zensor.ec\/index.php?rest_route=\/wp\/v2\/pages\/294"}],"collection":[{"href":"https:\/\/zensor.ec\/index.php?rest_route=\/wp\/v2\/pages"}],"about":[{"href":"https:\/\/zensor.ec\/index.php?rest_route=\/wp\/v2\/types\/page"}],"author":[{"embeddable":true,"href":"https:\/\/zensor.ec\/index.php?rest_route=\/wp\/v2\/users\/1"}],"replies":[{"embeddable":true,"href":"https:\/\/zensor.ec\/index.php?rest_route=%2Fwp%2Fv2%2Fcomments&post=294"}],"version-history":[{"count":26,"href":"https:\/\/zensor.ec\/index.php?rest_route=\/wp\/v2\/pages\/294\/revisions"}],"predecessor-version":[{"id":725,"href":"https:\/\/zensor.ec\/index.php?rest_route=\/wp\/v2\/pages\/294\/revisions\/725"}],"wp:attachment":[{"href":"https:\/\/zensor.ec\/index.php?rest_route=%2Fwp%2Fv2%2Fmedia&parent=294"}],"curies":[{"name":"wp","href":"https:\/\/api.w.org\/{rel}","templated":true}]}}